te the highest common divisor of 677996 and 105545.
209
Calculate the highest common factor of 46318 and 11.
1
What is the highest common divisor of 1765 and 152122526?
353
Calculate the greatest common factor of 28021926 and 876.
438
What is the highest common divisor of 31957432 and 494?
26
Calculate the greatest common factor of 343697713 and 206.
103
What is the greatest common divisor of 4908188 and 32?
4
What is the greatest common factor of 17762951 and 5255?
1051
What is the highest common factor of 59551 and 47549?
17
Calculate the highest common factor of 43716456 and 36.
36
What is the greatest common factor of 19532488 and 56?
8
What is the highest common factor of 54481222 and 3369?
1123
What is the highest common divisor of 44 and 18724409?
11
Calculate the highest common divisor of 1633 and 791821.
23
Calculate the greatest common divisor of 101454 and 349148.
914
What is the greatest common divisor of 408650 and 750?
50
What is the greatest common factor of 2599145 and 419621?
6263
What is the greatest common divisor of 2 and 47963?
1
What is the highest common divisor of 117 and 254404072?
13
Calculate the greatest common factor of 24710509 and 9899.
521
What is the greatest common factor of 1149798440 and 560?
280
Calculate the highest common divisor of 9783099 and 567.
81
Calculate the greatest common divisor of 1291398 and 4248798.
9858
What is the highest common divisor of 20964595 and 20?
5
What is the greatest common factor of 77159389 and 2348?
587
Calculate the highest common factor of 289654 and 506518.
502
What is the greatest common divisor of 29554889 and 4732?
1183
What is the highest common divisor of 527184 and 4368?
336
What is the greatest common divisor of 370544768 and 8?
8
What is the greatest common divisor of 8796 and 389880?
12
What is the greatest common factor of 8091 and 198824?
29
What is the greatest common divisor of 885 and 93360?
15
What is the greatest common factor of 1214856 and 4888?
376
What is the greatest common divisor of 188577 and 324369?
207
Calculate the highest common factor of 414 and 3883826.
46
What is the highest common divisor of 54643 and 1791878?
1031
What is the highest common factor of 66100160 and 161?
161
Calculate the greatest common factor of 3619 and 578004966.
3619
Calculate the highest common factor of 3366900 and 2436.
348
Calculate the greatest common divisor of 147 and 2469537.
21
Calculate the greatest common divisor of 108 and 71362431.
27
Calculate the highest common factor of 1603575 and 375.
75
What is the highest common divisor of 36434 and 3522?
2
Calculate the greatest common divisor of 17508884 and 284.
284
Calculate the greatest common factor of 4229677 and 95496.
3979
Calculate the greatest common factor of 3038806 and 22816.
1426
Calculate the highest common divisor of 33470 and 26960.
10
What is the greatest common factor of 94438584 and 4023?
1341
Calculate the greatest common divisor of 1626 and 14406.
6
What is the highest common divisor of 798001 and 2323?
101
Calculate the greatest common factor of 11924 and 74331235.
2981
What is the greatest common divisor of 1020605762 and 1342?
1342
Calculate the greatest common divisor of 61 and 143343900.
61
Calculate the greatest common divisor of 4976644 and 3252.
1084
Calculate the greatest common factor of 322360312 and 2957.
2957
What is the greatest common divisor of 1539 and 2830677?
57
What is the highest common divisor of 301172 and 324?
4
Calculate the highest common divisor of 4204 and 15448649.
1051
What is the highest common factor of 6150142 and 122?
122
What is the highest common factor of 786309370 and 35?
35
What is the greatest common factor of 96426 and 30830022?
8766
What is the highest common divisor of 11406648 and 1056?
264
Calculate the greatest common divisor of 1111084 and 2829.
23
Calculate the highest common divisor of 9236 and 44676841.
2309
Calculate the highest common divisor of 389152988 and 213.
71
What is the greatest common divisor of 996 and 16240278?
498
What is the greatest common factor of 102 and 142477?
17
Calculate the highest common factor of 3689062 and 239382.
806
Calculate the greatest common divisor of 52 and 31527327.
13
Calculate the greatest common divisor of 54847469 and 829.
829
What is the highest common factor of 6848 and 106679?
107
What is the greatest common divisor of 25277 and 217994?
161
Calculate the highest common factor of 48493800 and 1860.
60
Calculate the greatest common factor of 165 and 83181885.
15
What is the greatest common factor of 115380050 and 20?
10
What is the greatest common factor of 13105428 and 302778?
3738
What is the greatest common divisor of 31184125 and 875?
875
Calculate the greatest common divisor of 285 and 83961969.
57
What is the highest common factor of 12320 and 13993760?
1760
Calculate the greatest common factor of 540 and 428193.
27
What is the greatest common divisor of 1176637137 and 39?
39
Calculate the highest common divisor of 133919298 and 738.
18
What is the highest common factor of 272 and 11491864?
136
What is the greatest common divisor of 38093076 and 1296?
36
Calculate the greatest common divisor of 10919 and 403466.
179
Calculate the highest common divisor of 7114338 and 441.
63
What is the highest common divisor of 11495 and 1216050?
605
Calculate the greatest common factor of 13215868 and 2641.
19
Calculate the highest common factor of 20753080 and 7785.
865
What is the greatest common factor of 30134 and 1534364?
494
What is the greatest common factor of 36 and 438456555?
9
Calculate the highest common divisor of 87 and 5962400.
29
Calculate the highest common divisor of 752958 and 1357026.
4254
Calculate the greatest common factor of 979906876 and 86.
86
What is the highest common divisor of 148713 and 4313?
19
Calculate the greatest common factor of 12601775 and 121105.
2285
What is the greatest common divisor of 863436 and 3458532?
1596
Calculate the highest common factor of 1621070725 and 1475.
1475
Calculate the highest common factor of 1150 and 231976275.
575
What is the greatest common factor of 9800 and 28071400?
1400
What is the highest common divisor of 5501472931 and 439?
439
Calculate the highest common factor of 670040 and 29960.
280
What is the greatest common factor of 10504 and 34268?
52
What is the highest common divisor of 38155260 and 2860?
2860
What is the highest common divisor of 1736526 and 41583?
249
Calculate the highest common factor of 61263 and 46899.
27
Calculate the greatest common divisor of 11936324 and 10.
2
Calculate the greatest common factor of 17320716 and 2646.
2646
What is the highest common divisor of 795 and 486930?
15
What is the greatest common factor of 27468 and 517778667?
6867
What is the greatest common factor of 58298 and 294683?
103
Calculate the greatest common divisor of 40 and 6460730.
10
What is the highest common divisor of 560 and 4143664?
112
Calculate the highest common factor of 32 and 2346464.
32
Calculate the highest common factor of 112 and 14705776.
16
What is the greatest common divisor of 19233 and 4887319?
2137
Calculate the highest common divisor of 4979940 and 426.
426
What is the greatest common factor of 216 and 441304?
8
What is the highest common divisor of 22 and 1843612397?
11
Calculate the highest common factor of 2656 and 181024.
32
Calculate the highest common factor of 30629 and 2071.
109
What is the highest common divisor of 6139268 and 67084?
2164
What is the greatest common divisor of 480 and 79634208?
96
What is the highest common divisor of 31 and 86416282?
31
Calculate the highest common divisor of 24682287 and 4469.
4469
Calculate the greatest common factor of 44831501 and 286.
143
Calculate the highest common divisor of 54784 and 4507696.
1712
What is the greatest common factor of 14355 and 27395?
5
What is the highest common factor of 124683066 and 408?
102
Calculate the greatest common factor of 12958 and 341620.
1178
What is the greatest common factor of 109701 and 125766?
459
Calculate the highest common divisor of 35303 and 13631.
43
What is the highest common factor of 593135480 and 44128?
11032
What is the greatest common divisor of 202280833 and 563?
563
Calculate the highest common divisor of 430912271